{"id":4695,"date":"2013-11-19T00:24:20","date_gmt":"2013-11-18T23:24:20","guid":{"rendered":"http:\/\/econoclaste.eu\/econoclaste\/?page_id=4695"},"modified":"2025-03-06T21:30:51","modified_gmt":"2025-03-06T20:30:51","slug":"alexandre-delaigue","status":"publish","type":"page","link":"https:\/\/econoclaste.eu\/econoclaste\/alexandre-delaigue\/","title":{"rendered":"Alexandre Delaigue"},"content":{"rendered":"<p><span style=\"font-size: large; font-weight: bold;\">\u25ba Statut<\/span><\/p>\n<p>Cr\u00e9ateur et animateur actuel du site<\/p>\n<p><span style=\"font-size: large; font-weight: bold;\">\u25ba Ce qu&rsquo;il fait ou a fait comme boulot (n&rsquo;inclut pas le travail au noir)<\/span><\/p>\n<p>A \u00e9t\u00e9 charg\u00e9 de cours (\u00e9co, gestion). A \u00e9t\u00e9 enseignant au Conservatoire National des Arts et Metiers. A enseign\u00e9 aux \u00c9coles sp\u00e9ciales militaires de Saint Cyr Co\u00ebtquidan. Actuellement en poste \u00e0 l&rsquo;Universit\u00e9 de Lille 1<\/p>\n<p><span style=\"font-size: large; font-weight: bold;\">\u25ba Ce qu&rsquo;il a fait \u00e0 l&rsquo;\u00e9cole (n&rsquo;inclut pas les ann\u00e9es de maternelle)<\/span><\/p>\n<p>\u25b8\u00c9cole Normale Sup\u00e9rieure de Cachan (Paris-Saclay)<br \/>\n\u25b8Agr\u00e9gation \u00e9conomie-gestion option comptabilit\u00e9-finance<br \/>\n\u25b8DEA (Master) comptabilit\u00e9, Gestion, Contr\u00f4le (Paris Dauphine)<\/p>\n<p><span style=\"font-size: large; font-weight: bold;\">\u25ba Ce qui l&rsquo;int\u00e9resse (n&rsquo;inclut pas le sexe, l&rsquo;alcool et la drogue)<\/span><\/p>\n<p>\u25b8\u00c9conomie internationale<br \/>\n\u25b8\u00c9conomie g\u00e9n\u00e9rale<br \/>\n\u25b8Histoire de la pens\u00e9e \u00e9conomique<br \/>\n\u25b8Sciences politiques<br \/>\n\u25b8Strat\u00e9gie et structure d&rsquo;entreprise<br \/>\n\u25b8Divers trucs pas \u00e9conomiques<\/p>\n","protected":false},"excerpt":{"rendered":"<div class=\"mh-excerpt\"><p>\u25ba Statut Cr\u00e9ateur et animateur actuel du site \u25ba Ce qu&rsquo;il fait ou a fait comme boulot (n&rsquo;inclut pas le travail au noir) A \u00e9t\u00e9 charg\u00e9 de cours (\u00e9co, gestion). A \u00e9t\u00e9 enseignant au Conservatoire National des Arts et Metiers. A enseign\u00e9 aux \u00c9coles sp\u00e9ciales militaires de Saint Cyr Co\u00ebtquidan. <a class=\"mh-excerpt-more\" href=\"https:\/\/econoclaste.eu\/econoclaste\/alexandre-delaigue\/\" title=\"Alexandre Delaigue\">(Lire la suite&#8230;)<\/a><\/p>\n<\/div>","protected":false},"author":2,"featured_media":10297,"parent":0,"menu_order":0,"comment_status":"closed","ping_status":"closed","template":"page0.php","meta":{"footnotes":""},"class_list":["post-4695","page","type-page","status-publish","has-post-thumbnail","hentry"],"_links":{"self":[{"href":"https:\/\/econoclaste.eu\/econoclaste\/wp-json\/wp\/v2\/pages\/4695","targetHints":{"allow":["GET"]}}],"collection":[{"href":"https:\/\/econoclaste.eu\/econoclaste\/wp-json\/wp\/v2\/pages"}],"about":[{"href":"https:\/\/econoclaste.eu\/econoclaste\/wp-json\/wp\/v2\/types\/page"}],"author":[{"embeddable":true,"href":"https:\/\/econoclaste.eu\/econoclaste\/wp-json\/wp\/v2\/users\/2"}],"replies":[{"embeddable":true,"href":"https:\/\/econoclaste.eu\/econoclaste\/wp-json\/wp\/v2\/comments?post=4695"}],"version-history":[{"count":33,"href":"https:\/\/econoclaste.eu\/econoclaste\/wp-json\/wp\/v2\/pages\/4695\/revisions"}],"predecessor-version":[{"id":1480620,"href":"https:\/\/econoclaste.eu\/econoclaste\/wp-json\/wp\/v2\/pages\/4695\/revisions\/1480620"}],"wp:featuredmedia":[{"embeddable":true,"href":"https:\/\/econoclaste.eu\/econoclaste\/wp-json\/wp\/v2\/media\/10297"}],"wp:attachment":[{"href":"https:\/\/econoclaste.eu\/econoclaste\/wp-json\/wp\/v2\/media?parent=4695"}],"curies":[{"name":"wp","href":"https:\/\/api.w.org\/{rel}","templated":true}]}}