{"id":324,"date":"2013-11-06T15:18:59","date_gmt":"2013-11-06T14:18:59","guid":{"rendered":"http:\/\/econoclaste.eu\/econoclaste\/?page_id=324"},"modified":"2024-12-27T13:27:58","modified_gmt":"2024-12-27T12:27:58","slug":"nos-lectures","status":"publish","type":"page","link":"https:\/\/econoclaste.eu\/econoclaste\/nos-lectures\/","title":{"rendered":"Nos lectures"},"content":{"rendered":"\n<div class=\"wp-block-group\"><div class=\"wp-block-group__inner-container is-layout-constrained wp-block-group-is-layout-constrained\">\n<div class=\"wp-block-group\"><div class=\"wp-block-group__inner-container is-layout-constrained wp-block-group-is-layout-constrained\">\n<div class=\"wp-block-group\"><div class=\"wp-block-group__inner-container is-layout-constrained wp-block-group-is-layout-constrained\">\n<p>Vous trouverez sur les pages suivantes des informations relatives \u00e0 certaines choses que nous lisons et dont nous trouvons pertinent de vous parler.<\/p>\n\n\n\r\n<!-- Notes de lecture -->\r\n<h5 class=\"wp-block-heading lien-bleu\">Notes de lecture<\/h5>\r\n<p>\r\n    <a class=\"lien-noir\" title=\"Notes de lecture\" href=\"http:\/\/econoclaste.eu\/econoclaste\/?page_id=16\">\r\n        <span style=\"display: block; margin-left: 10px;\">\r\n            Une liste de chroniques de livres \u00e9conomiques, \u00e9crites pour l'essentiel par les deux animateurs du site.\r\n            Quelques chroniques sont l'\u0153uvre de sympathiques invit\u00e9s. Il y a actuellement \r\n            229 chroniques publi\u00e9es.\r\n        <\/span>\r\n    <\/a>\r\n<\/p>\r\n\r\n<!-- Le livre du mois -->\r\n<h5 class=\"wp-block-heading lien-bleu\">Le livre du mois<\/h5>\r\n<p>\r\n    <a class=\"lien-noir\" title=\"Le livre du mois\" href=\"http:\/\/econoclaste.eu\/econoclaste\/?page_id=23\">\r\n        Chaque mois (ou presque...) nous mettons un livre \u00e9conomique en avant. Il y a actuellement \r\n        38 livres du mois r\u00e9pertori\u00e9s.\r\n    <\/a>\r\n<\/p>\r\n\r\n<!-- L'article de la semaine -->\r\n<h5 class=\"wp-block-heading lien-bleu\">L'article de la semaine<\/h5>\r\n<p>\r\n    <a class=\"lien-noir\" title=\"L\u2019article de la semaine\" href=\"http:\/\/econoclaste.eu\/econoclaste\/?page_id=38\">\r\n        Chaque semaine (ou presque...), nous vous signalons un article \u00e9conomique publi\u00e9 sur Internet digne d'int\u00e9r\u00eat. \r\n        Il y a actuellement 263 articles r\u00e9pertori\u00e9s.\r\n    <\/a>\r\n<\/p>\r\n\n<\/div><\/div>\n<\/div><\/div>\n<\/div><\/div>\n\n\n\n<p><\/p>\n","protected":false},"excerpt":{"rendered":"<div class=\"mh-excerpt\"><p>Vous trouverez sur les pages suivantes des informations relatives \u00e0 certaines choses que nous lisons et dont nous trouvons pertinent de vous parler.<\/p>\n<\/div>","protected":false},"author":1,"featured_media":59424,"parent":0,"menu_order":0,"comment_status":"closed","ping_status":"closed","template":"page0.php","meta":{"footnotes":""},"class_list":["post-324","page","type-page","status-publish","has-post-thumbnail","hentry"],"_links":{"self":[{"href":"https:\/\/econoclaste.eu\/econoclaste\/wp-json\/wp\/v2\/pages\/324","targetHints":{"allow":["GET"]}}],"collection":[{"href":"https:\/\/econoclaste.eu\/econoclaste\/wp-json\/wp\/v2\/pages"}],"about":[{"href":"https:\/\/econoclaste.eu\/econoclaste\/wp-json\/wp\/v2\/types\/page"}],"author":[{"embeddable":true,"href":"https:\/\/econoclaste.eu\/econoclaste\/wp-json\/wp\/v2\/users\/1"}],"replies":[{"embeddable":true,"href":"https:\/\/econoclaste.eu\/econoclaste\/wp-json\/wp\/v2\/comments?post=324"}],"version-history":[{"count":61,"href":"https:\/\/econoclaste.eu\/econoclaste\/wp-json\/wp\/v2\/pages\/324\/revisions"}],"predecessor-version":[{"id":1480529,"href":"https:\/\/econoclaste.eu\/econoclaste\/wp-json\/wp\/v2\/pages\/324\/revisions\/1480529"}],"wp:featuredmedia":[{"embeddable":true,"href":"https:\/\/econoclaste.eu\/econoclaste\/wp-json\/wp\/v2\/media\/59424"}],"wp:attachment":[{"href":"https:\/\/econoclaste.eu\/econoclaste\/wp-json\/wp\/v2\/media?parent=324"}],"curies":[{"name":"wp","href":"https:\/\/api.w.org\/{rel}","templated":true}]}}