{"id":23,"date":"2013-10-31T01:16:58","date_gmt":"2013-10-31T00:16:58","guid":{"rendered":"http:\/\/econoclaste.eu\/econoclaste\/?page_id=23"},"modified":"2024-12-24T17:14:00","modified_gmt":"2024-12-24T16:14:00","slug":"le-livre-du-mois","status":"publish","type":"page","link":"https:\/\/econoclaste.eu\/econoclaste\/le-livre-du-mois\/","title":{"rendered":"Le livre du mois"},"content":{"rendered":"\n<p><span style=\"display: none;\">Chaque mois (ou presque\u2026) nous mettons un livre \u00e9conomique en avant. Voici donc la chronique de notre dernier livre du mois en date.<\/span><\/p>\n\n\n<div style='display: block; text-align: left;'><a class='lien-bleu2' href='http:\/\/econoclaste.eu\/econoclaste\/?page_id=10370&codenote=235'><span style='font-size: x-large;'><strong><i>Le voyage de l'humanit\u00e9<\/i><\/strong><\/span><\/a>\n<\/div><div style='font-size: normal;'>Oded Galor<\/div>\n<div style='clear: both; overflow: hidden;'><div style='float: left; margin-right: 15px; margin-top: 15px; margin-bottom: 15px;'><a href='http:\/\/econoclaste.eu\/econoclaste\/?page_id=10370&codenote=235'><img class='opacity3' style='border: 1px solid #D3D4D3;' src='https:\/\/econoclaste.eu\/econoclaste\/wp-content\/uploads\/2025\/11\/galor_voyage.jpg' alt='Couverture'><\/a><\/div><div style='text-align: justify; font-size: normal;'><a href=\"https:\/\/www.odedgalor.com\/\">Oded Galor<\/a> est historiquement macro\u00e9conomiste et sp\u00e9cialiste des th\u00e9ories de la croissance. Depuis une quinzaine d\u2019ann\u00e9es, il construit une th\u00e9orie globale du d\u00e9veloppement et des in\u00e9galit\u00e9s historiques mondiales, une \u00ab <a href=\"https:\/\/www.odedgalor.com\/diversity-development-copy-copy\">th\u00e9orie unifi\u00e9e de la croissance<\/a> \u00bb selon ses propres mots.<br \/>\r\nAussi grandiloquente que semble la d\u00e9marche, elle n\u2019est en rien farfelue. Le contenu de son ouvrage n\u2019a rien de fondamentalement nouveau. Il se nourrit de connaissances g\u00e9n\u00e9ralement bien \u00e9tablies, en les structurant et en portant la focale sur certaines en particulier.<br \/>\r\nD\u00e8s l\u2019introduction de son \u00ab\u00a0voyage de l\u2019humanit\u00e9\u00a0\u00bb, on per\u00e7oit \u00e9galement une volont\u00e9 philosophique claire : servir l\u2019humanisme et une pens\u00e9e progressiste. Il \u00e9crit par exemple : <em>\u00ab Alors que les grandes forces qui sous-tendent le voyage de l\u2019humanit\u00e9 continuent d\u2019agir sans rel\u00e2che, l\u2019\u00e9ducation, la tol\u00e9rance et une plus grande \u00e9galit\u00e9 des sexes sont les cl\u00e9s de l\u2019\u00e9panouissement de notre esp\u00e8ce dans les d\u00e9cennies et les si\u00e8cles \u00e0 venir. \u00bb<\/em>. Ce n\u2019est d\u2019ailleurs pas pour rien qu\u2019il \u00e9num\u00e8re en prologue ces points, qui sont essentiels \u00e0 son explication de la prosp\u00e9rit\u00e9.<br \/>\r\n<br \/>\r\nLa m\u00e9thode de Galor repose sur une vision globale des ph\u00e9nom\u00e8nes humains. En plus d\u2019\u00e9conomie, vous trouverez dans son livre des d\u00e9veloppements sur la biologie, les sciences...<\/div><p><a href='http:\/\/econoclaste.eu\/econoclaste\/?page_id=10370&codenote=235'> (Lire la suite...)<\/a><\/p><\/div><p>Vous pouvez \u00e9galement consulter <a href='http:\/\/econoclaste.eu\/econoclaste\/?page_id=10458'>l'archive des livres du mois<\/a>.<br>Il y a actuellement 38 livres du mois r\u00e9pertori\u00e9s.\n\n\n\n<div class=\"wp-block-group\"><div class=\"wp-block-group__inner-container is-layout-constrained wp-block-group-is-layout-constrained\"><\/div><\/div>\n\n\n\n<p><\/p>\n\n\n\n<p><\/p>\n\n\n\n<p><\/p>\n\n\n\n<p><\/p>\n","protected":false},"excerpt":{"rendered":"<div class=\"mh-excerpt\"><p>Chaque mois (ou presque\u2026) nous mettons un livre \u00e9conomique en avant. Voici celui de ce mois-ci.<\/p>\n<\/div>","protected":false},"author":1,"featured_media":57228,"parent":0,"menu_order":5,"comment_status":"closed","ping_status":"closed","template":"","meta":{"footnotes":""},"class_list":["post-23","page","type-page","status-publish","has-post-thumbnail","hentry"],"_links":{"self":[{"href":"https:\/\/econoclaste.eu\/econoclaste\/wp-json\/wp\/v2\/pages\/23","targetHints":{"allow":["GET"]}}],"collection":[{"href":"https:\/\/econoclaste.eu\/econoclaste\/wp-json\/wp\/v2\/pages"}],"about":[{"href":"https:\/\/econoclaste.eu\/econoclaste\/wp-json\/wp\/v2\/types\/page"}],"author":[{"embeddable":true,"href":"https:\/\/econoclaste.eu\/econoclaste\/wp-json\/wp\/v2\/users\/1"}],"replies":[{"embeddable":true,"href":"https:\/\/econoclaste.eu\/econoclaste\/wp-json\/wp\/v2\/comments?post=23"}],"version-history":[{"count":102,"href":"https:\/\/econoclaste.eu\/econoclaste\/wp-json\/wp\/v2\/pages\/23\/revisions"}],"predecessor-version":[{"id":1480454,"href":"https:\/\/econoclaste.eu\/econoclaste\/wp-json\/wp\/v2\/pages\/23\/revisions\/1480454"}],"wp:featuredmedia":[{"embeddable":true,"href":"https:\/\/econoclaste.eu\/econoclaste\/wp-json\/wp\/v2\/media\/57228"}],"wp:attachment":[{"href":"https:\/\/econoclaste.eu\/econoclaste\/wp-json\/wp\/v2\/media?parent=23"}],"curies":[{"name":"wp","href":"https:\/\/api.w.org\/{rel}","templated":true}]}}