{"id":18,"date":"2013-10-31T01:11:17","date_gmt":"2013-10-31T00:11:17","guid":{"rendered":"http:\/\/econoclaste.eu\/econoclaste\/?page_id=18"},"modified":"2018-11-05T23:42:32","modified_gmt":"2018-11-05T22:42:32","slug":"questions-et-reponses","status":"publish","type":"page","link":"https:\/\/econoclaste.eu\/econoclaste\/questions-et-reponses\/","title":{"rendered":"Questions et r\u00e9ponses"},"content":{"rendered":"<p><a name=\"haut\"><\/a>Choisir le nom de la cat\u00e9gorie dans le menu suivant, pour acc\u00e9der \u00e0 la liste des questions lui correspondant.<\/p>\n<form name='formannee'><br><span style='width:100%; height:70px; display:inline-block;'><select style=\"color: #303030; font-family: inherit; vertical-align:center; width:350px; height:30px; margin-left: auto; margin-right: auto; text-align:center;\" name=\"anneeparution\" onChange=\"location = this.options[this.selectedIndex].value;\"><option selected>S\u00e9lectionner une cat\u00e9gorie<\/option><option style=\"font-family: inherit\" value=\"#Croissance, d\u00e9veloppement et fluctuations \u00e9conomique\">Croissance, d\u00e9veloppement et fluctuations \u00e9conomique<\/option><option style=\"font-family: inherit\" value=\"#\u00c9conomie comportementale et \u00e9conomie exp\u00e9rimentale\">\u00c9conomie comportementale et \u00e9conomie exp\u00e9rimentale<\/option><option style=\"font-family: inherit\" value=\"#\u00c9conomie du travail\">\u00c9conomie du travail<\/option><option style=\"font-family: inherit\" value=\"#\u00c9conomie internationale\">\u00c9conomie internationale<\/option><option style=\"font-family: inherit\" value=\"#Histoire de la pens\u00e9e \u00e9conomique, m\u00e9thodologie \u00e9conomique et philosophie \u00e9conomique\">Histoire de la pens\u00e9e \u00e9conomique, m\u00e9thodologie \u00e9conomique et philosophie \u00e9conomique<\/option><option style=\"font-family: inherit\" value=\"#Macro\u00e9conomie\">Macro\u00e9conomie<\/option><option style=\"font-family: inherit\" value=\"#Micro\u00e9conomie, \u00e9conomie industrielle et th\u00e9orie des jeux\">Micro\u00e9conomie, \u00e9conomie industrielle et th\u00e9orie des jeux<\/option><option style=\"font-family: inherit\" value=\"#Monnaie, banque et finance\">Monnaie, banque et finance<\/option><option style=\"font-family: inherit\" value=\"#Politiques publiques\">Politiques publiques<\/option><\/select><\/span><\/form><h4 class='titre-bleu'><a name='Croissance, d\u00e9veloppement et fluctuations \u00e9conomique'><\/a>Croissance, d\u00e9veloppement et fluctuations \u00e9conomique<span style='float:right; display:inline'><a class='lien-noir' href='#haut' title='Retour en haut de la page'>\u25b2<\/a><\/span><\/h4><div><p><a class='texte-decale lien-noir' href='http:\/\/econoclaste.eu\/econoclaste\/?page_id=211&codefaq=54'>Comment d\u00e9finir la Nouvelle \u00e9conomie ?<\/a><\/p><p><a class='texte-decale lien-noir' href='http:\/\/econoclaste.eu\/econoclaste\/?page_id=211&codefaq=62'>Comment les d\u00e9penses publiques d'infrastructure favorisent-elles la croissance ?<\/a><\/p><p><a class='texte-decale lien-noir' href='http:\/\/econoclaste.eu\/econoclaste\/?page_id=211&codefaq=61'>Dis Monsieur Solow, comment \u00e7a marche la croissance ?<\/a><\/p><p><a class='texte-decale lien-noir' href='http:\/\/econoclaste.eu\/econoclaste\/?page_id=211&codefaq=91'>Le consensus de Washington m\u00e9rite-t-il vraiment sa mauvaise r\u00e9putation ?<\/a><\/p><p><a class='texte-decale lien-noir' href='http:\/\/econoclaste.eu\/econoclaste\/?page_id=211&codefaq=75'>Le vieillissement d\u00e9mographique condamne-t-il la croissance ?<\/a><\/p><p><a class='texte-decale lien-noir' href='http:\/\/econoclaste.eu\/econoclaste\/?page_id=211&codefaq=90'>Qu'appelle-t-on &quot;maladie des co\u00fbts&quot; ?<\/a><\/p><p><a class='texte-decale lien-noir' href='http:\/\/econoclaste.eu\/econoclaste\/?page_id=211&codefaq=11'>Quelles sont les limites de l'usage du PIB comme indicateur de richesse ?<\/a><\/p><p><a class='texte-decale lien-noir' href='http:\/\/econoclaste.eu\/econoclaste\/?page_id=211&codefaq=68'>Quels sont les facteurs de la croissance ?<\/a><\/p><\/div><h4 class='titre-bleu'><a name='\u00c9conomie comportementale et \u00e9conomie exp\u00e9rimentale'><\/a>\u00c9conomie comportementale et \u00e9conomie exp\u00e9rimentale<span style='float:right; display:inline'><a class='lien-noir' href='#haut' title='Retour en haut de la page'>\u25b2<\/a><\/span><\/h4><div><p><a class='texte-decale lien-noir' href='http:\/\/econoclaste.eu\/econoclaste\/?page_id=211&codefaq=85'>\u00cates vous rationnel ? Petits tests de psycho\u00e9conomie (1)<\/a><\/p><p><a class='texte-decale lien-noir' href='http:\/\/econoclaste.eu\/econoclaste\/?page_id=211&codefaq=130'>Pourquoi les prix \u00e0 la pompe ne baissent-ils pas lorsque le prix du baril baisse ?<\/a><\/p><p><a class='texte-decale lien-noir' href='http:\/\/econoclaste.eu\/econoclaste\/?page_id=211&codefaq=93'>Qu'est-ce que le jeu du bien public<\/a><\/p><\/div><h4 class='titre-bleu'><a name='\u00c9conomie du travail'><\/a>\u00c9conomie du travail<span style='float:right; display:inline'><a class='lien-noir' href='#haut' title='Retour en haut de la page'>\u25b2<\/a><\/span><\/h4><div><p><a class='texte-decale lien-noir' href='http:\/\/econoclaste.eu\/econoclaste\/?page_id=211&codefaq=96'>La hausse du salaire minimum conduit-elle \u00e0 un accroissement du ch\u00f4mage ?<\/a><\/p><p><a class='texte-decale lien-noir' href='http:\/\/econoclaste.eu\/econoclaste\/?page_id=211&codefaq=15'>Le march\u00e9 du travail existe-t-il ?<\/a><\/p><p><a class='texte-decale lien-noir' href='http:\/\/econoclaste.eu\/econoclaste\/?page_id=211&codefaq=18'>Le progr\u00e8s technologique conduit-il \u00e0 la fin du travail ?<\/a><\/p><p><a class='texte-decale lien-noir' href='http:\/\/econoclaste.eu\/econoclaste\/?page_id=211&codefaq=147'>Les ch\u00f4meurs ont-ils forc\u00e9ment int\u00e9r\u00eat \u00e0 rester au ch\u00f4mage ?<\/a><\/p><p><a class='texte-decale lien-noir' href='http:\/\/econoclaste.eu\/econoclaste\/?page_id=211&codefaq=71'>Les difficult\u00e9s de recrutement en France indiquent-elle un ch\u00f4mage proche du ch\u00f4mage structurel ?<\/a><\/p><p><a class='texte-decale lien-noir' href='http:\/\/econoclaste.eu\/econoclaste\/?page_id=211&codefaq=89'>Pourquoi les Europ\u00e9ens travaillent-ils moins que les Am\u00e9ricains ?<\/a><\/p><p><a class='texte-decale lien-noir' href='http:\/\/econoclaste.eu\/econoclaste\/?page_id=211&codefaq=53'>Qu'est-ce qu'un ch\u00f4meur  ?<\/a><\/p><p><a class='texte-decale lien-noir' href='http:\/\/econoclaste.eu\/econoclaste\/?page_id=211&codefaq=16'>Qu'est-ce que le biais du progr\u00e8s technique ?<\/a><\/p><p><a class='texte-decale lien-noir' href='http:\/\/econoclaste.eu\/econoclaste\/?page_id=211&codefaq=17'>Quel est le lien entre consommation et emploi ?<\/a><\/p><p><a class='texte-decale lien-noir' href='http:\/\/econoclaste.eu\/econoclaste\/?page_id=211&codefaq=34'>Quel est le lien entre croissance et emploi ?<\/a><\/p><p><a class='texte-decale lien-noir' href='http:\/\/econoclaste.eu\/econoclaste\/?page_id=211&codefaq=137'>Trois questions sur l'\u00e9ducation<\/a><\/p><\/div><h4 class='titre-bleu'><a name='\u00c9conomie internationale'><\/a>\u00c9conomie internationale<span style='float:right; display:inline'><a class='lien-noir' href='#haut' title='Retour en haut de la page'>\u25b2<\/a><\/span><\/h4><div><p><a class='texte-decale lien-noir' href='http:\/\/econoclaste.eu\/econoclaste\/?page_id=211&codefaq=64'>Comment expliquer les \u00e9changes internationaux intrabranches ?<\/a><\/p><p><a class='texte-decale lien-noir' href='http:\/\/econoclaste.eu\/econoclaste\/?page_id=211&codefaq=21'>Comment se fait-il que le dollar monte alors que le d\u00e9ficit commercial am\u00e9ricain se creuse ?<\/a><\/p><p><a class='texte-decale lien-noir' href='http:\/\/econoclaste.eu\/econoclaste\/?page_id=211&codefaq=63'>Dis, Msieur Econoclaste, t'as pas un exemple concret pour me montrer en quoi les \u00e9conomies d'\u00e9chelle cr\u00e9ent une incitation \u00e0 la sp\u00e9cialisation internationale ?<\/a><\/p><p><a class='texte-decale lien-noir' href='http:\/\/econoclaste.eu\/econoclaste\/?page_id=211&codefaq=14'>Le libre-\u00e9change a-t-il historiquement \u00e9t\u00e9 facteur de croissance et de d\u00e9veloppement ?<\/a><\/p><p><a class='texte-decale lien-noir' href='http:\/\/econoclaste.eu\/econoclaste\/?page_id=211&codefaq=65'>Les accords r\u00e9gionaux : lib\u00e9ralisation ou protectionnisme ?<\/a><\/p><p><a class='texte-decale lien-noir' href='http:\/\/econoclaste.eu\/econoclaste\/?page_id=211&codefaq=88'>M\u00e9dicaments et propri\u00e9t\u00e9 intellectuelle<\/a><\/p><p><a class='texte-decale lien-noir' href='http:\/\/econoclaste.eu\/econoclaste\/?page_id=211&codefaq=60'>Qu'appelle-t-on couramment &quot;mod\u00e8le HOS&quot; ?<\/a><\/p><p><a class='texte-decale lien-noir' href='http:\/\/econoclaste.eu\/econoclaste\/?page_id=211&codefaq=59'>Qu'appelle-t-on principe de l'avantage comparatif ?<\/a><\/p><p><a class='texte-decale lien-noir' href='http:\/\/econoclaste.eu\/econoclaste\/?page_id=211&codefaq=19'>Qu'est-ce que la guerre \u00e9conomique ?<\/a><\/p><\/div><h4 class='titre-bleu'><a name='Histoire de la pens\u00e9e \u00e9conomique, m\u00e9thodologie \u00e9conomique et philosophie \u00e9conomique'><\/a>Histoire de la pens\u00e9e \u00e9conomique, m\u00e9thodologie \u00e9conomique et philosophie \u00e9conomique<span style='float:right; display:inline'><a class='lien-noir' href='#haut' title='Retour en haut de la page'>\u25b2<\/a><\/span><\/h4><div><p><a class='texte-decale lien-noir' href='http:\/\/econoclaste.eu\/econoclaste\/?page_id=211&codefaq=51'>Mais, au fait... l'\u00c9conomie est-elle une science ?<\/a><\/p><p><a class='texte-decale lien-noir' href='http:\/\/econoclaste.eu\/econoclaste\/?page_id=211&codefaq=67'>Peut-on expliquer Marx aux nuls ?<\/a><\/p><p><a class='texte-decale lien-noir' href='http:\/\/econoclaste.eu\/econoclaste\/?page_id=211&codefaq=30'>Qu'est-ce qu'un economiste, et que doit-on faire pour en devenir un ?<\/a><\/p><p><a class='texte-decale lien-noir' href='http:\/\/econoclaste.eu\/econoclaste\/?page_id=211&codefaq=73'>Qu'est-ce que l'\u00e9galitarisme ?<\/a><\/p><p><a class='texte-decale lien-noir' href='http:\/\/econoclaste.eu\/econoclaste\/?page_id=211&codefaq=72'>Qu'est-ce que l'utilitarisme ?<\/a><\/p><p><a class='texte-decale lien-noir' href='http:\/\/econoclaste.eu\/econoclaste\/?page_id=211&codefaq=66'>Que nous raconte Marx au sujet de la valeur ?<\/a><\/p><p><a class='texte-decale lien-noir' href='http:\/\/econoclaste.eu\/econoclaste\/?page_id=211&codefaq=74'>Quelles sont les bases de la th\u00e9orie de la justice de Rawls ?<\/a><\/p><p><a class='texte-decale lien-noir' href='http:\/\/econoclaste.eu\/econoclaste\/?page_id=211&codefaq=77'>Quelles sont les erreurs courantes du discours \u00e9conomique ?<\/a><\/p><p><a class='texte-decale lien-noir' href='http:\/\/econoclaste.eu\/econoclaste\/?page_id=211&codefaq=28'>Quelles sont les id\u00e9es de base de l'\u00e9cole du Public Choice ?<\/a><\/p><\/div><h4 class='titre-bleu'><a name='Macro\u00e9conomie'><\/a>Macro\u00e9conomie<span style='float:right; display:inline'><a class='lien-noir' href='#haut' title='Retour en haut de la page'>\u25b2<\/a><\/span><\/h4><div><p><a class='texte-decale lien-noir' href='http:\/\/econoclaste.eu\/econoclaste\/?page_id=211&codefaq=79'>C'est quoi le mod\u00e8le IS-LM ?<\/a><\/p><p><a class='texte-decale lien-noir' href='http:\/\/econoclaste.eu\/econoclaste\/?page_id=211&codefaq=134'>C'est quoi le mod\u00e8le Mundell-Flemming avec parfaite mobilit\u00e9 des capitaux ?<\/a><\/p><p><a class='texte-decale lien-noir' href='http:\/\/econoclaste.eu\/econoclaste\/?page_id=211&codefaq=97'>C'est quoi le mod\u00e8le offre globale - demande globale ?<\/a><\/p><p><a class='texte-decale lien-noir' href='http:\/\/econoclaste.eu\/econoclaste\/?page_id=211&codefaq=41'>Comment \u00e9tablir un lien entre taux d'int\u00e9r\u00eat et investissement ?<\/a><\/p><p><a class='texte-decale lien-noir' href='http:\/\/econoclaste.eu\/econoclaste\/?page_id=211&codefaq=136'>Comment \u00e9volue la dette publique ?<\/a><\/p><p><a class='texte-decale lien-noir' href='http:\/\/econoclaste.eu\/econoclaste\/?page_id=211&codefaq=40'>Qu'est-ce que l'effet d'encaisses r\u00e9elles ?<\/a><\/p><p><a class='texte-decale lien-noir' href='http:\/\/econoclaste.eu\/econoclaste\/?page_id=211&codefaq=42'>Qu'est-ce que la th\u00e9orie du cycle de vie de Modigliani ?<\/a><\/p><p><a class='texte-decale lien-noir' href='http:\/\/econoclaste.eu\/econoclaste\/?page_id=211&codefaq=39'>Qu'est-ce que la th\u00e9orie du revenu permanent de Milton Friedman ?<\/a><\/p><p><a class='texte-decale lien-noir' href='http:\/\/econoclaste.eu\/econoclaste\/?page_id=211&codefaq=44'>Quel est le lien entre l'investissement et la demande globale ?<\/a><\/p><p><a class='texte-decale lien-noir' href='http:\/\/econoclaste.eu\/econoclaste\/?page_id=211&codefaq=43'>Quel lien existe-t-il entre l'endettement, les profits et l'investissement ?<\/a><\/p><p><a class='texte-decale lien-noir' href='http:\/\/econoclaste.eu\/econoclaste\/?page_id=211&codefaq=38'>Quelle est la forme de la fonction de consommation de Keynes<\/a><\/p><\/div><h4 class='titre-bleu'><a name='Micro\u00e9conomie, \u00e9conomie industrielle et th\u00e9orie des jeux'><\/a>Micro\u00e9conomie, \u00e9conomie industrielle et th\u00e9orie des jeux<span style='float:right; display:inline'><a class='lien-noir' href='#haut' title='Retour en haut de la page'>\u25b2<\/a><\/span><\/h4><div><p><a class='texte-decale lien-noir' href='http:\/\/econoclaste.eu\/econoclaste\/?page_id=211&codefaq=31'>Des prix variable selon l'acheteur sont-ils plus efficaces qu'un prix unique ?<\/a><\/p><p><a class='texte-decale lien-noir' href='http:\/\/econoclaste.eu\/econoclaste\/?page_id=211&codefaq=27'>En deux mots, qu'est-ce que la th\u00e9orie de l'\u00e9quilibre g\u00e9n\u00e9ral (TEG) ?<\/a><\/p><p><a class='texte-decale lien-noir' href='http:\/\/econoclaste.eu\/econoclaste\/?page_id=211&codefaq=132'>La polygamie est-elle mauvaise pour les femmes ?<\/a><\/p><p><a class='texte-decale lien-noir' href='http:\/\/econoclaste.eu\/econoclaste\/?page_id=211&codefaq=127'>Les fumeurs sont-ils rationnels ?<\/a><\/p><p><a class='texte-decale lien-noir' href='http:\/\/econoclaste.eu\/econoclaste\/?page_id=211&codefaq=20'>Pourquoi dit-on que la TVA a un impact n\u00e9gatif sur les producteurs alors qu'elle est pay\u00e9e par les consommateurs ?<\/a><\/p><p><a class='texte-decale lien-noir' href='http:\/\/econoclaste.eu\/econoclaste\/?page_id=211&codefaq=87'>Pourquoi faut-il bien payer les mauvais chercheurs ?<\/a><\/p><p><a class='texte-decale lien-noir' href='http:\/\/econoclaste.eu\/econoclaste\/?page_id=211&codefaq=131'>Pourquoi les enseignes pratiquent-elles le \u00ab trouvez moins cher ailleurs et on vous rembourse \u00bb ?<\/a><\/p><p><a class='texte-decale lien-noir' href='http:\/\/econoclaste.eu\/econoclaste\/?page_id=211&codefaq=141'>Qu'appelle-t-on barri\u00e8res \u00e0 l'entr\u00e9e ?<\/a><\/p><p><a class='texte-decale lien-noir' href='http:\/\/econoclaste.eu\/econoclaste\/?page_id=211&codefaq=13'>Qu'est-ce qu'est un march\u00e9 de droits \u00e0 polluer ?<\/a><\/p><p><a class='texte-decale lien-noir' href='http:\/\/econoclaste.eu\/econoclaste\/?page_id=211&codefaq=76'>Qu'est-ce qu'un march\u00e9 contestable ?<\/a><\/p><p><a class='texte-decale lien-noir' href='http:\/\/econoclaste.eu\/econoclaste\/?page_id=211&codefaq=37'>Que raconte le mod\u00e8le de choix intertemporel d'Irving Fisher ?<\/a><\/p><p><a class='texte-decale lien-noir' href='http:\/\/econoclaste.eu\/econoclaste\/?page_id=211&codefaq=126'>Que vaut une vie humaine ?<\/a><\/p><p><a class='texte-decale lien-noir' href='http:\/\/econoclaste.eu\/econoclaste\/?page_id=211&codefaq=145'>Quel est le traitement des ententes technologiques par les autorit\u00e9s de la concurrence ?<\/a><\/p><p><a class='texte-decale lien-noir' href='http:\/\/econoclaste.eu\/econoclaste\/?page_id=211&codefaq=86'>Quel probl\u00e8me \u00e9conomique la connaissance pose-t-elle ?<\/a><\/p><p><a class='texte-decale lien-noir' href='http:\/\/econoclaste.eu\/econoclaste\/?page_id=211&codefaq=92'>Quelles sont les principales cons\u00e9quences de l'existence d'externalit\u00e9s de r\u00e9seau sur un march\u00e9 ?<\/a><\/p><p><a class='texte-decale lien-noir' href='http:\/\/econoclaste.eu\/econoclaste\/?page_id=211&codefaq=142'>Quels sont les enjeux th\u00e9oriques des politiques de la concurrence ?<\/a><\/p><p><a class='texte-decale lien-noir' href='http:\/\/econoclaste.eu\/econoclaste\/?page_id=211&codefaq=143'>Quels sont les fondements du traitement des ententes horizontales par les politiques de la concurrence ?<\/a><\/p><p><a class='texte-decale lien-noir' href='http:\/\/econoclaste.eu\/econoclaste\/?page_id=211&codefaq=144'>Quels sont les fondements du traitement des ententes verticales par les politiques de la concurrence ?<\/a><\/p><p><a class='texte-decale lien-noir' href='http:\/\/econoclaste.eu\/econoclaste\/?page_id=211&codefaq=146'>Quels sont les principes de traitement des abus de position dominante par les politiques de la concurrence ?<\/a><\/p><p><a class='texte-decale lien-noir' href='http:\/\/econoclaste.eu\/econoclaste\/?page_id=211&codefaq=94'>T\u00e9l\u00e9charger sans payer est-il mauvais pour l'\u00e9conomie nationale ?<\/a><\/p><p><a class='texte-decale lien-noir' href='http:\/\/econoclaste.eu\/econoclaste\/?page_id=211&codefaq=36'>Une \u00e9conomie de march\u00e9 conduit-elle toujours \u00e0 une allocation optimale ?<\/a><\/p><\/div><h4 class='titre-bleu'><a name='Monnaie, banque et finance'><\/a>Monnaie, banque et finance<span style='float:right; display:inline'><a class='lien-noir' href='#haut' title='Retour en haut de la page'>\u25b2<\/a><\/span><\/h4><div><p><a class='texte-decale lien-noir' href='http:\/\/econoclaste.eu\/econoclaste\/?page_id=211&codefaq=80'>Comment l'\u00e9volution des cours boursiers influence-t-elle l'\u00e9conomie r\u00e9elle ?<\/a><\/p><p><a class='texte-decale lien-noir' href='http:\/\/econoclaste.eu\/econoclaste\/?page_id=211&codefaq=95'>Faut-il acheter ou louer son logement ?<\/a><\/p><p><a class='texte-decale lien-noir' href='http:\/\/econoclaste.eu\/econoclaste\/?page_id=211&codefaq=83'>L'\u00e9quation quantitative de la monnaie, c'est-\u00e0-dire ?<\/a><\/p><p><a class='texte-decale lien-noir' href='http:\/\/econoclaste.eu\/econoclaste\/?page_id=211&codefaq=46'>La nouvelle \u00e9conomie a-t-elle fait dispara\u00eetre l\u2019inflation ?<\/a><\/p><p><a class='texte-decale lien-noir' href='http:\/\/econoclaste.eu\/econoclaste\/?page_id=211&codefaq=78'>Le FMI est-il responsable de la crise argentine de 2001 ?<\/a><\/p><p><a class='texte-decale lien-noir' href='http:\/\/econoclaste.eu\/econoclaste\/?page_id=211&codefaq=23'>Les sp\u00e9culateurs et autres financiers produisent-ils quelque chose ?<\/a><\/p><p><a class='texte-decale lien-noir' href='http:\/\/econoclaste.eu\/econoclaste\/?page_id=211&codefaq=82'>Pourquoi les entreprises se soucient-elles de leur cours boursier ?<\/a><\/p><p><a class='texte-decale lien-noir' href='http:\/\/econoclaste.eu\/econoclaste\/?page_id=211&codefaq=148'>Qu'est-ce qu'une zone mon\u00e9taire optimale ?<\/a><\/p><p><a class='texte-decale lien-noir' href='http:\/\/econoclaste.eu\/econoclaste\/?page_id=211&codefaq=69'>Qu'est-ce que la r\u00e8gle de Taylor ?<\/a><\/p><p><a class='texte-decale lien-noir' href='http:\/\/econoclaste.eu\/econoclaste\/?page_id=211&codefaq=84'>Que se passe-t-il durant une bulle sp\u00e9culative ?<\/a><\/p><p><a class='texte-decale lien-noir' href='http:\/\/econoclaste.eu\/econoclaste\/?page_id=211&codefaq=9'>Quels sont les co\u00fbts de l'inflation ?<\/a><\/p><p><a class='texte-decale lien-noir' href='http:\/\/econoclaste.eu\/econoclaste\/?page_id=211&codefaq=52'>Une taxe Tobin est-elle envisageable ?<\/a><\/p><\/div><h4 class='titre-bleu'><a name='Politiques publiques'><\/a>Politiques publiques<span style='float:right; display:inline'><a class='lien-noir' href='#haut' title='Retour en haut de la page'>\u25b2<\/a><\/span><\/h4><div><p><a class='texte-decale lien-noir' href='http:\/\/econoclaste.eu\/econoclaste\/?page_id=211&codefaq=49'>Comment caract\u00e9riser l'\u00e9volution du r\u00f4le de l'Etat ?<\/a><\/p><p><a class='texte-decale lien-noir' href='http:\/\/econoclaste.eu\/econoclaste\/?page_id=211&codefaq=128'>Comment faire baisser la criminalit\u00e9 ?<\/a><\/p><p><a class='texte-decale lien-noir' href='http:\/\/econoclaste.eu\/econoclaste\/?page_id=211&codefaq=139'>Comment l'analyse \u00e9conomique justifie-t-elle les politiques publiques ?<\/a><\/p><p><a class='texte-decale lien-noir' href='http:\/\/econoclaste.eu\/econoclaste\/?page_id=211&codefaq=129'>Est-ce que se soigner va devenir de plus en plus cher ?<\/a><\/p><p><a class='texte-decale lien-noir' href='http:\/\/econoclaste.eu\/econoclaste\/?page_id=211&codefaq=29'>La courbe de Laffer (&quot;trop d'impot tue l'imp\u00f4t&quot;) existe-t-elle ?<\/a><\/p><p><a class='texte-decale lien-noir' href='http:\/\/econoclaste.eu\/econoclaste\/?page_id=211&codefaq=138'>Qu'est-ce que la typologie des interventions de l'\u00c9tat de Richard Musgrave ?<\/a><\/p><p><a class='texte-decale lien-noir' href='http:\/\/econoclaste.eu\/econoclaste\/?page_id=211&codefaq=55'>Qu'est-ce que le th\u00e9or\u00e8me d'impossibilit\u00e9 d'Arrow ?<\/a><\/p><p><a class='texte-decale lien-noir' href='http:\/\/econoclaste.eu\/econoclaste\/?page_id=211&codefaq=81'>Qu'est-ce qui d\u00e9termine l'efficacit\u00e9 de la politique budg\u00e9taire ?<\/a><\/p><p><a class='texte-decale lien-noir' href='http:\/\/econoclaste.eu\/econoclaste\/?page_id=211&codefaq=149'>Quel est le principe de fonctionnement du multiplicateur keyn\u00e9sien ?<\/a><\/p><p><a class='texte-decale lien-noir' href='http:\/\/econoclaste.eu\/econoclaste\/?page_id=211&codefaq=140'>Quelles sont les conceptions de la place de l'\u00c9tat dans la pens\u00e9e \u00e9conomique ?<\/a><\/p><\/div>\n","protected":false},"excerpt":{"rendered":"<div class=\"mh-excerpt\"><p>Des textes plus ou moins longs, plus ou moins techniques, r\u00e9pondant \u00e0 des questions en \u00e9conomie. Class\u00e9s par th\u00e8mes.<\/p>\n<\/div>","protected":false},"author":1,"featured_media":57229,"parent":0,"menu_order":5,"comment_status":"closed","ping_status":"closed","template":"page0.php","meta":{"footnotes":""},"class_list":["post-18","page","type-page","status-publish","has-post-thumbnail","hentry"],"_links":{"self":[{"href":"https:\/\/econoclaste.eu\/econoclaste\/wp-json\/wp\/v2\/pages\/18","targetHints":{"allow":["GET"]}}],"collection":[{"href":"https:\/\/econoclaste.eu\/econoclaste\/wp-json\/wp\/v2\/pages"}],"about":[{"href":"https:\/\/econoclaste.eu\/econoclaste\/wp-json\/wp\/v2\/types\/page"}],"author":[{"embeddable":true,"href":"https:\/\/econoclaste.eu\/econoclaste\/wp-json\/wp\/v2\/users\/1"}],"replies":[{"embeddable":true,"href":"https:\/\/econoclaste.eu\/econoclaste\/wp-json\/wp\/v2\/comments?post=18"}],"version-history":[{"count":382,"href":"https:\/\/econoclaste.eu\/econoclaste\/wp-json\/wp\/v2\/pages\/18\/revisions"}],"predecessor-version":[{"id":65153,"href":"https:\/\/econoclaste.eu\/econoclaste\/wp-json\/wp\/v2\/pages\/18\/revisions\/65153"}],"wp:featuredmedia":[{"embeddable":true,"href":"https:\/\/econoclaste.eu\/econoclaste\/wp-json\/wp\/v2\/media\/57229"}],"wp:attachment":[{"href":"https:\/\/econoclaste.eu\/econoclaste\/wp-json\/wp\/v2\/media?parent=18"}],"curies":[{"name":"wp","href":"https:\/\/api.w.org\/{rel}","templated":true}]}}