{"id":15090,"date":"2018-09-30T13:23:49","date_gmt":"2018-09-30T12:23:49","guid":{"rendered":"http:\/\/econoclaste.eu\/econoclaste\/?page_id=15090"},"modified":"2018-10-08T14:08:19","modified_gmt":"2018-10-08T13:08:19","slug":"reseau-social","status":"publish","type":"page","link":"https:\/\/econoclaste.eu\/econoclaste\/reseau-social\/","title":{"rendered":"R\u00e9seau social"},"content":{"rendered":"<p>Pour \u00e9changer dans des groupes, forums, par messages priv\u00e9s, etc. avec d&rsquo;autres utilisateurs, \u00e0 la mani\u00e8re d&rsquo;un r\u00e9seau social, vous devez <a href=\"https:\/\/econoclaste.eu\/econoclaste\/inscription\/\">cr\u00e9er un compte sur le site<\/a>.<\/p>\n<p>Comme nous ne sommes pas Facebook, vos coordonn\u00e9es et autres informations communiqu\u00e9es ne seront pas utilis\u00e9es \u00e0 d&rsquo;autres fins que de vous permettre d&rsquo;utiliser ces fonctionnalit\u00e9s ou de mod\u00e9rer leur usage. La confidentialit\u00e9 des \u00e9changes priv\u00e9s est assur\u00e9e par l&rsquo;application.<\/p>\n","protected":false},"excerpt":{"rendered":"<div class=\"mh-excerpt\"><p>Pour \u00e9changer dans des groupes, forums, par messages priv\u00e9s, etc. avec d&rsquo;autres utilisateurs, \u00e0 la mani\u00e8re d&rsquo;un r\u00e9seau social, vous devez cr\u00e9er un compte sur le site. Comme nous ne sommes pas Facebook, vos coordonn\u00e9es et autres informations communiqu\u00e9es ne seront pas utilis\u00e9es \u00e0 d&rsquo;autres fins que de vous permettre <a class=\"mh-excerpt-more\" href=\"https:\/\/econoclaste.eu\/econoclaste\/reseau-social\/\" title=\"R\u00e9seau social\">(Lire la suite&#8230;)<\/a><\/p>\n<\/div>","protected":false},"author":2,"featured_media":59424,"parent":0,"menu_order":0,"comment_status":"closed","ping_status":"closed","template":"page0.php","meta":{"footnotes":""},"class_list":["post-15090","page","type-page","status-publish","has-post-thumbnail","hentry"],"_links":{"self":[{"href":"https:\/\/econoclaste.eu\/econoclaste\/wp-json\/wp\/v2\/pages\/15090","targetHints":{"allow":["GET"]}}],"collection":[{"href":"https:\/\/econoclaste.eu\/econoclaste\/wp-json\/wp\/v2\/pages"}],"about":[{"href":"https:\/\/econoclaste.eu\/econoclaste\/wp-json\/wp\/v2\/types\/page"}],"author":[{"embeddable":true,"href":"https:\/\/econoclaste.eu\/econoclaste\/wp-json\/wp\/v2\/users\/2"}],"replies":[{"embeddable":true,"href":"https:\/\/econoclaste.eu\/econoclaste\/wp-json\/wp\/v2\/comments?post=15090"}],"version-history":[{"count":6,"href":"https:\/\/econoclaste.eu\/econoclaste\/wp-json\/wp\/v2\/pages\/15090\/revisions"}],"predecessor-version":[{"id":15110,"href":"https:\/\/econoclaste.eu\/econoclaste\/wp-json\/wp\/v2\/pages\/15090\/revisions\/15110"}],"wp:featuredmedia":[{"embeddable":true,"href":"https:\/\/econoclaste.eu\/econoclaste\/wp-json\/wp\/v2\/media\/59424"}],"wp:attachment":[{"href":"https:\/\/econoclaste.eu\/econoclaste\/wp-json\/wp\/v2\/media?parent=15090"}],"curies":[{"name":"wp","href":"https:\/\/api.w.org\/{rel}","templated":true}]}}