{"id":15086,"date":"2018-09-30T13:20:22","date_gmt":"2018-09-30T12:20:22","guid":{"rendered":"http:\/\/econoclaste.eu\/econoclaste\/?page_id=15086"},"modified":"2018-11-07T14:02:53","modified_gmt":"2018-11-07T13:02:53","slug":"communaute","status":"publish","type":"page","link":"https:\/\/econoclaste.eu\/econoclaste\/communaute\/","title":{"rendered":"Communaut\u00e9"},"content":{"rendered":"<p><a title=\"Forums\" href=\"https:\/\/econoclaste.eu\/econoclaste\/forums\/\"><\/p>\n<h5 class=\"lien-bleu\">Les forums d&rsquo;\u00e9conoclaste<\/h5>\n<p><\/a><a title=\"Forums\" class=\"lien-noir\" href=\"https:\/\/econoclaste.eu\/econoclaste\/forums\/\"><span style=\"display: block; margin-left:10px\">Une liste de forums consacr\u00e9s aux discussions sur l&rsquo;\u00e9conomie, autour de l&rsquo;\u00e9conomie, voire sans rapport avec l&rsquo;\u00e9conomie. Il  a actuellement [insert_php]include &lsquo;.\/scripts\/common.php&rsquo;; connect_db(); $res = mysql_query(\u00ab\u00a0select count(*) from wp_posts where post_type=&rsquo;forum'\u00a0\u00bb);<br \/>\necho mysql_result($res,0);[\/insert_php] forums disponibles sur notre site et [insert_php]$res = mysql_query(\u00ab\u00a0select count(*) from wp_posts where post_type=&rsquo;topic'\u00a0\u00bb); echo mysql_result($res,0);[\/insert_php] discussions en cours ou archiv\u00e9es.<\/a><\/span><\/p>\n<h5 class=\"titre-bleu\">Le r\u00e9seau social d&rsquo;\u00e9conoclaste<\/h5>\n<p><span style=\"display: block; margin-left:10px\">Un ensemble de fonctionnalit\u00e9s qui vous permet de cr\u00e9er des groupes de discussions priv\u00e9s, d&rsquo;envoyer et recevoir des messages \u00e0 d&rsquo;autres personnes inscrites, d&rsquo;\u00eatre inform\u00e9 des activit\u00e9s de vos groupes, forums, etc. Vous devez <a href=\"https:\/\/econoclaste.eu\/econoclaste\/inscription\/\">cr\u00e9er un compte sur le site<\/a> pour utiliser ces fonctionnalit\u00e9s. <\/p>\n","protected":false},"excerpt":{"rendered":"<div class=\"mh-excerpt\"><p>Forums et r\u00e9seau social.<\/p>\n<\/div>","protected":false},"author":2,"featured_media":34586,"parent":0,"menu_order":0,"comment_status":"closed","ping_status":"closed","template":"page0.php","meta":{"footnotes":""},"class_list":["post-15086","page","type-page","status-publish","has-post-thumbnail","hentry"],"_links":{"self":[{"href":"https:\/\/econoclaste.eu\/econoclaste\/wp-json\/wp\/v2\/pages\/15086","targetHints":{"allow":["GET"]}}],"collection":[{"href":"https:\/\/econoclaste.eu\/econoclaste\/wp-json\/wp\/v2\/pages"}],"about":[{"href":"https:\/\/econoclaste.eu\/econoclaste\/wp-json\/wp\/v2\/types\/page"}],"author":[{"embeddable":true,"href":"https:\/\/econoclaste.eu\/econoclaste\/wp-json\/wp\/v2\/users\/2"}],"replies":[{"embeddable":true,"href":"https:\/\/econoclaste.eu\/econoclaste\/wp-json\/wp\/v2\/comments?post=15086"}],"version-history":[{"count":10,"href":"https:\/\/econoclaste.eu\/econoclaste\/wp-json\/wp\/v2\/pages\/15086\/revisions"}],"predecessor-version":[{"id":68809,"href":"https:\/\/econoclaste.eu\/econoclaste\/wp-json\/wp\/v2\/pages\/15086\/revisions\/68809"}],"wp:featuredmedia":[{"embeddable":true,"href":"https:\/\/econoclaste.eu\/econoclaste\/wp-json\/wp\/v2\/media\/34586"}],"wp:attachment":[{"href":"https:\/\/econoclaste.eu\/econoclaste\/wp-json\/wp\/v2\/media?parent=15086"}],"curies":[{"name":"wp","href":"https:\/\/api.w.org\/{rel}","templated":true}]}}