{"id":1480501,"date":"2024-12-26T20:51:34","date_gmt":"2024-12-26T19:51:34","guid":{"rendered":"https:\/\/econoclaste.eu\/econoclaste\/?page_id=1480501"},"modified":"2024-12-28T18:49:51","modified_gmt":"2024-12-28T17:49:51","slug":"economie-des-comportements-individuels","status":"publish","type":"page","link":"https:\/\/econoclaste.eu\/econoclaste\/nos-livres-2\/economie-des-comportements-individuels\/","title":{"rendered":"\u00c9conomie des comportements individuels"},"content":{"rendered":"<div class=\"wp-block-image\">\r\n<figure class=\"aligncenter size-full\"><img loading=\"lazy\" decoding=\"async\" class=\"aligncenter wp-image-1480505\" src=\"https:\/\/econoclaste.eu\/econoclaste\/wp-content\/uploads\/2024\/12\/comportements-1.jpg\" alt=\"\" width=\"263\" height=\"391\" srcset=\"https:\/\/econoclaste.eu\/econoclaste\/wp-content\/uploads\/2024\/12\/comportements-1.jpg 381w, https:\/\/econoclaste.eu\/econoclaste\/wp-content\/uploads\/2024\/12\/comportements-1-202x300.jpg 202w\" sizes=\"auto, (max-width: 263px) 100vw, 263px\" \/><\/figure>\r\n<\/div>\r\n\r\n\r\n<p>\u00ab\u00a0<a href=\"https:\/\/www.atlande.eu\/sciences-economiques-et-sociales\/835-economie-des-comportements-individuels-a-paraitre-9782350307428.html\" data-type=\"link\" data-id=\"https:\/\/www.atlande.eu\/sciences-economiques-et-sociales\/835-economie-des-comportements-individuels-a-paraitre-9782350307428.html\">\u00c9conomie des comportements individuels<\/a>\u00ab\u00a0, publi\u00e9 en 2022, est en premier lieu un manuel destin\u00e9 \u00e0 la pr\u00e9paration de l&rsquo;agr\u00e9gation de sciences \u00e9conomiques et sociales (programme 2022-2025). Il r\u00e9capitule les approches standards et plus r\u00e9centes (telles que l&rsquo;\u00e9conomie comportementale) sur la rationalit\u00e9 des agents \u00e9conomiques. \u00c0 ce titre, il peut \u00e9galement int\u00e9resser les \u00e9tudiants et les curieux.<\/p>\r\n\r\n\r\n\r\n<p><strong>SOMMAIRE<\/strong><\/p>\r\n\r\n\r\n\r\n<p><strong><u>REP\u00c8RES<\/u><\/strong><\/p>\r\n\r\n\r\n\r\n<p><strong>DE LA MICRO\u00c9CONOMIE N\u00c9OCLASSIQUE \u00c0 L\u2019\u00c9CONOMIE DE L\u2019INFORMATION<\/strong><\/p>\r\n\r\n\r\n\r\n<p>Les fondements de la micro\u00e9conomie n\u00e9oclassique<br \/><em>Des march\u00e9s de concurrence parfaite<br \/>Les choix des agents \u00e9conomiques<br \/>L\u2019\u00e9quilibre sur les march\u00e9s et l\u2019existence de l\u2019\u00e9quilibre g\u00e9n\u00e9ral<br \/>L\u2019optimalit\u00e9 d\u2019une \u00e9conomie concurrentielle \u00e0 l\u2019\u00e9quilibre<br \/>De l\u2019homo \u0153conomicus en concurrence parfaite \u00e0 l\u2019homo \u0153conomicus r\u00e9aliste ?<br \/>La th\u00e9orie de l\u2019utilit\u00e9 esp\u00e9r\u00e9e, le risque et l\u2019incertitude<\/em><br \/><br \/>La rationalit\u00e9 proc\u00e9durale chez Herbert Simon<br \/><em>Une rationalit\u00e9 imparfaite<br \/>Une rationalit\u00e9 proc\u00e9durale<br \/>L\u2019h\u00e9ritage de Simon<\/em><br \/><br \/>Rationalit\u00e9 individuelle et interactions : la th\u00e9orie des jeux<br \/><em>Principaux concepts de la th\u00e9orie des jeux<br \/>Le dilemme du prisonnier<br \/>Le r\u00f4le de l\u2019information et de la communication dans les jeux chez Thomas Schelling<br \/>L\u2019\u00e9volution de la coop\u00e9ration chez Axelrod<br \/>La post\u00e9rit\u00e9 de la th\u00e9orie des jeux<\/em><br \/><br \/>L\u2019\u00e9conomie de l\u2019information<br \/><em>La notion d\u2019asym\u00e9trie d\u2019information<br \/>Les deux mod\u00e8les de r\u00e9f\u00e9rence de l\u2019\u00e9conomie de l\u2019information: market for lemons et th\u00e9orie de l\u2019agence<br \/>M\u00e9canismes de r\u00e9duction des asym\u00e9tries d\u2019information<br \/>Quelques domaines d\u2019application de l\u2019\u00e9conomie de l\u2019information<br \/>Market design et mechanism design<br \/>La micro\u00e9conomie est devenue l\u2019\u00e9conomie de l\u2019information<\/em><\/p>\r\n\r\n\r\n\r\n<p><strong><u>TH\u00c8MES<\/u><\/strong><\/p>\r\n\r\n\r\n\r\n<p><strong>LE TEMPS ET LE RISQUE<\/strong><\/p>\r\n\r\n\r\n\r\n<p>LES D\u00c9CISIONS DE L\u2019INDIVIDU DANS LE TEMPS<br \/>L\u2019actualisation exponentielle<br \/>Le lissage de consommation<br \/>Critique de la th\u00e9orie des choix intertemporels<br \/>L\u2019INDIVIDU ET LE RISQUE : L\u2019UTILIT\u00c9 ESP\u00c9R\u00c9E, AXIOMES, AVERSION AU RISQUE<strong><br \/><\/strong>De la th\u00e9orie de l\u2019utilit\u00e9 esp\u00e9r\u00e9e aux probabilit\u00e9s subjectives<br \/>La notion de probabilit\u00e9 subjective<br \/>Le mod\u00e8le de l\u2019acteur rationnel face au risque : r\u00e9sum\u00e9 et axiomes<br \/>Critique de la th\u00e9orie de l\u2019utilit\u00e9 esp\u00e9r\u00e9e<br \/>\u00c9conomie comportementale, temps et risque<\/p>\r\n\r\n\r\n\r\n<p><strong>TH\u00c9ORIE DES JEUX : UNE PR\u00c9SENTATION<br \/><br \/><\/strong>UNE PR\u00c9SENTATION DES JEUX SIMULTAN\u00c9S<br \/>Une pr\u00e9sentation d\u2019un jeu coop\u00e9ratif<br \/>Une pr\u00e9sentation d\u2019un jeu non coop\u00e9ratif<br \/>Une pr\u00e9sentation du jeu de la poule mouill\u00e9e<br \/>UNE PR\u00c9SENTATION DES JEUX S\u00c9QUENTIELS<br \/>Jeux s\u00e9quentiels et \u00e9quilibre de Nash parfaits en sous-jeux<br \/>Le principe du <em>first-mover advantage<br \/><\/em>Le mille-pattes de Rosenthal<br \/>UNE PR\u00c9SENTATION DES JEUX R\u00c9P\u00c9T\u00c9S : COMMENT LES AGENTS SE COORDONNENT-ILS ?<br \/>Le <em>folk theorem<\/em><br \/>Rationalit\u00e9, coop\u00e9ration et information dans un jeu fini<br \/>Rationalit\u00e9, \u00e9motion et donnant-donnant<br \/>Point focal et coordination pure des agents<\/p>\r\n\r\n\r\n\r\n<p><strong>FINANCE ET RATIONALIT\u00c9<br \/><br \/><\/strong>LE MOD\u00c8LE DE CHOIX DE PORTEFEUILLE<br \/>Investisseurs rationnels et diversification du portefeuille<br \/>La remise en cause du mod\u00e8le CAMP<br \/>Les explications de la finance comportementale<br \/>L\u2019HYPOTH\u00c8SE D\u2019EFFICIENCE DES MARCH\u00c9S FINANCIERS<br \/>Rationalit\u00e9 et efficience des march\u00e9s<br \/>L\u2019efficience en question<br \/>Les bulles: rationnelles ou mim\u00e9tiques ?<br \/>Finance comportementale et efficience des march\u00e9s financiers<\/p>\r\n\r\n\r\n\r\n<p><strong>LE MOD\u00c8LE RATIONNEL PEUT-IL S\u2019APPLIQUER \u00c0 TOUT ?<br \/><br \/><\/strong>L\u2019ADDICTION RATIONNELLE<br \/>D\u00e9finir l\u2019addiction<br \/>Le mod\u00e8le de Becker et Murphy<br \/>Discussion<br \/>UNE RATIONALIT\u00c9 DES TERRORISTES ?<br \/>D\u00e9finition du terrorisme<br \/>Terrorisme et \u00e9conomie du crime<br \/>Discussion<br \/>LA FAMILLE, UNE AFFAIRE DE RATIONALIT\u00c9 ?<br \/>Famille et analyse co\u00fbt-b\u00e9n\u00e9fice<br \/>La formation des couples<br \/>Pourquoi se mettre en couple ?<br \/>Avec qui et quand se mettre en couple ou divorcer ?<br \/>Le choix rationnel d\u2019enfanter : la demande d\u2019enfants<br \/>Remarques et conclusion<br \/>LA RATIONALIT\u00c9 ET LA VIE PUBLIQUE<br \/>Du paradoxe de Condorcet au th\u00e9or\u00e8me d\u2019impossibilit\u00e9 d\u2019Arrow<br \/>Le paradoxe de Condorcet<br \/>Le th\u00e9or\u00e8me d\u2019impossibilit\u00e9 d\u2019Arrow<br \/>Le <em>public choic<\/em>e<br \/>Le march\u00e9 politique et les \u00e9lus<br \/>La bureaucratie<br \/>La rationalit\u00e9 de l\u2019acte de vote<\/p>\r\n\r\n\r\n\r\n<p><strong>MACRO\u00c9CONOMIE ET RATIONALIT\u00c9<\/strong><\/p>\r\n\r\n\r\n\r\n<p>MACRO\u00c9CONOMIE ET ANTICIPATIONS RATIONNELLES<br \/>Quelles anticipations pour les mod\u00e8les macro\u00e9conomiques?<br \/>La macro\u00e9conomie comme micro\u00e9conomie \u00e0 grande \u00e9chelle : la th\u00e9orie des cycles r\u00e9els<br \/>D\u00e9ficience informationnelle et macro\u00e9conomie : les mod\u00e8les DSGE<br \/>LA MACRO\u00c9CONOMIE, INCERTITUDE ET RATIONALIT\u00c9 LIMIT\u00c9E<br \/>Comportements individuels et demande effective<br \/>L\u2019analyse postkeyn\u00e9sienne des comportements individuels<br \/>La macro\u00e9conomie comportementale<\/p>\r\n\r\n\r\n\r\n<p><strong>LES EXP\u00c9RIENCES EN \u00c9CONOMIE COMPORTEMENTALE : M\u00c9THODOLOGIE, INT\u00c9R\u00caT ET LIMITES<br \/><br \/><\/strong>LES \u00c9CONOMISTES ET LES EXP\u00c9RIENCES<br \/>LA D\u00c9MARCHE EXP\u00c9RIMENTALE EN \u00c9CONOMIE<br \/>Exp\u00e9riences en laboratoire<br \/>Exp\u00e9riences de terrain<br \/>Int\u00e9r\u00eat et limites des exp\u00e9riences en \u00e9conomie<br \/>CONCLUSION<\/p>\r\n\r\n\r\n\r\n<p><strong>QUELQUES \u00c9TUDES DE R\u00c9F\u00c9RENCE EN \u00c9CONOMIE COMPORTEMENTALE ET EXP\u00c9RIMENTALE<br \/><\/strong><br \/>LE JEU DE LA CONFIANCE<br \/>PR\u00c9F\u00c9RENCES ET GRATUIT\u00c9<br \/>PR\u00c9F\u00c9RENCES NON TRANSITIVES<br \/>MOTIVATIONS INTRINS\u00c8QUES ET MOTIVATIONS EXTRINS\u00c8QUES<br \/>LA LOI DES PETITS NOMBRES<br \/>LA MALADIE ASIATIQUE<br \/>TAXIS ET OFFRE DE TRAVAIL<br \/>D\u00c9CISIONS D\u2019ASSURANCE<br \/>USAGE DES MOUSTIQUAIRES CONTRE LE PALUDISME L\u2019\u00c9NIGME DE LA PRIME DE RISQUE<\/p>\r\n\r\n\r\n\r\n<p><strong>\u00c9CONOMIE DE LA DISCRIMINATION<br \/><\/strong><br \/>D\u00c9FINITION ET FORMES DE LA DISCRIMINATION<br \/>DISCRIMINER RATIONNELLEMENT ?<br \/>BREF APER\u00c7U DES EXP\u00c9RIENCES SUR LA DISCRIMINATION<br \/>LUTTER CONTRE LES DISCRIMINATIONS<br \/>\u00c9lever le co\u00fbt de la discrimination ?<br \/>Mettre en avant des mod\u00e8les ?<br \/>Favoriser les contacts entre groupes ?<br \/>D\u00e9biaiser ou \u201c<em>acting white<\/em>\u201d ?<br \/>CONCLUSION<\/p>\r\n\r\n\r\n\r\n<p><strong>\u00c9CONOMIE COMPORTEMENTALE DU MARCH\u00c9 DU TRAVAIL<br \/><br \/><\/strong>LES BIAIS COGNITIFS ET LA RECHERCHE D\u2019EMPLOI<br \/>Aversion aux pertes et point de r\u00e9f\u00e9rence<br \/>Pr\u00e9f\u00e9rences hyperboliques<br \/>Biais cognitifs et estimation subjective des chances de retour \u00e0 l\u2019emploi<br \/>LES COMPORTEMENTS SOCIAUX ET LES INCITATIONS AU TRAVAIL<br \/>Salaire d\u2019efficience et salaire fixe<br \/>Effort et comparaisons sociales<br \/>CONCLUSION<\/p>\r\n\r\n\r\n\r\n<p><strong>LES POLITIQUES COMPORTEMENTALES &#8211; <em>NUDGES <\/em>ET AU-DEL\u00c0<br \/><br \/><\/strong>QUI FAIT DU <em>NUDGE <\/em>?<br \/>QUELQUES PRINCIPES G\u00c9N\u00c9RAUX<br \/>QUELLES POLITIQUES ?<br \/>Pour la sant\u00e9<br \/>Pour la consommation d\u2019\u00e9nergie<br \/>Pour l\u2019\u00e9ducation<br \/>Pour l\u2019emploi<br \/>QUEL BILAN DES POLITIQUES PUBLIQUES COMPORTEMENTALES ?<br \/>OUTILS<\/p>\r\n\r\n\r\n\r\n<p><strong>BIBLIOGRAPHIE<br \/>GLOSSAIRE<br \/>INDEX<\/strong><\/p>\r\n","protected":false},"excerpt":{"rendered":"<div class=\"mh-excerpt\"><p>\u00ab\u00a0\u00c9conomie des comportements individuels\u00ab\u00a0, publi\u00e9 en 2022, est en premier lieu un manuel destin\u00e9 \u00e0 la pr\u00e9paration de l&rsquo;agr\u00e9gation de sciences \u00e9conomiques et sociales (programme 2022-2025). Il r\u00e9capitule les approches standards et plus r\u00e9centes (telles que l&rsquo;\u00e9conomie comportementale) sur la rationalit\u00e9 des agents \u00e9conomiques. \u00c0 ce titre, il peut \u00e9galement <a class=\"mh-excerpt-more\" href=\"https:\/\/econoclaste.eu\/econoclaste\/nos-livres-2\/economie-des-comportements-individuels\/\" title=\"\u00c9conomie des comportements individuels\">(Lire la suite&#8230;)<\/a><\/p>\n<\/div>","protected":false},"author":2,"featured_media":1480503,"parent":11,"menu_order":0,"comment_status":"closed","ping_status":"closed","template":"","meta":{"footnotes":""},"class_list":["post-1480501","page","type-page","status-publish","has-post-thumbnail","hentry"],"_links":{"self":[{"href":"https:\/\/econoclaste.eu\/econoclaste\/wp-json\/wp\/v2\/pages\/1480501","targetHints":{"allow":["GET"]}}],"collection":[{"href":"https:\/\/econoclaste.eu\/econoclaste\/wp-json\/wp\/v2\/pages"}],"about":[{"href":"https:\/\/econoclaste.eu\/econoclaste\/wp-json\/wp\/v2\/types\/page"}],"author":[{"embeddable":true,"href":"https:\/\/econoclaste.eu\/econoclaste\/wp-json\/wp\/v2\/users\/2"}],"replies":[{"embeddable":true,"href":"https:\/\/econoclaste.eu\/econoclaste\/wp-json\/wp\/v2\/comments?post=1480501"}],"version-history":[{"count":7,"href":"https:\/\/econoclaste.eu\/econoclaste\/wp-json\/wp\/v2\/pages\/1480501\/revisions"}],"predecessor-version":[{"id":1480592,"href":"https:\/\/econoclaste.eu\/econoclaste\/wp-json\/wp\/v2\/pages\/1480501\/revisions\/1480592"}],"up":[{"embeddable":true,"href":"https:\/\/econoclaste.eu\/econoclaste\/wp-json\/wp\/v2\/pages\/11"}],"wp:featuredmedia":[{"embeddable":true,"href":"https:\/\/econoclaste.eu\/econoclaste\/wp-json\/wp\/v2\/media\/1480503"}],"wp:attachment":[{"href":"https:\/\/econoclaste.eu\/econoclaste\/wp-json\/wp\/v2\/media?parent=1480501"}],"curies":[{"name":"wp","href":"https:\/\/api.w.org\/{rel}","templated":true}]}}